6049*q - 13. What is a(0)?
-13
Let d(r) = 789*r + 43361. Give d(-55).
-34
Let k(g) = -g**2 + 2271*g - 62695. Determine k(28).
109
Let b(o) = o**3 - 37*o**2 + 314*o - 7220. Determine b(34).
-12
Let w(o) = 2*o**3 - 194*o**2 - 3613*o - 338. Calculate w(113).
1
Let q(x) = x**3 - 40*x**2 - 309*x + 5856. Calculate q(44).
4
Let t(f) = f**3 - 68*f**2 - 416*f + 216. Give t(-6).
48
Let l(y) = -780*y - 4230. Give l(-6).
450
Let b(h) = 623*h + 3293. Give b(-6).
-445
Let x(f) = 2*f**3 - 205*f**2 + 691*f + 162. Determine x(99).
-36
Let i(z) = 184*z**2 - 373*z + 18. Give i(2).
8
Let k(u) = 2*u**2 + 22135*u + 331567. Calculate k(-15).
-8
Let z(u) = 31*u**2 + 795*u - 834. Give z(1).
-8
Let f(d) = -2*d**3 + 25*d**2 - 82*d + 9. What is f(6)?
-15
Let u(p) = 2159*p + 82032. Determine u(-38).
-10
Let m(r) = 2*r**2 - 54927*r - 549187. Calculate m(-10).
283
Let c(g) = -653*g**2 + 16997*g - 534. What is c(26)?
-40
Let f(u) = -31251*u - 218844. Give f(-7).
-87
Let o(u) = 215*u + 17853. What is o(-79)?
868
Let u(y) = y**3 - 15*y**2 + 149*y - 1199. Calculate u(9).
-344
Let n(a) = -60*a**2 + 2904*a - 5812. Determine n(2).
-244
Let b(w) = -5*w**3 - 173*w**2 + 66*w - 80. What is b(-35)?
60
Let i(n) = 30*n**2 - 2553*n + 104. Give i(85).
-151
Let b(j) = 5004*j + 325046. Give b(-65).
-214
Let q(j) = -762*j**2 - 4542*j + 25. Calculate q(-6).
-155
Let v(c) = 4*c**2 + 1577*c + 3537. Determine v(-392).
9
Let t(y) = 1310*y - 250599. What is t(191)?
-389
Let m(k) = 110*k**2 + 1820*k + 930. Give m(-16).
-30
Let d(g) = -70*g**2 - 99*g + 398. Calculate d(4).
-1118
Let a(w) = -w**2 - 64*w - 903. Determine a(-11).
-320
Let w(n) = 3*n**3 - 254*n**2 - 149*n + 5646. Determine w(85).
206
Let a(g) = g**3 - 67*g**2 + 96*g - 1759. Give a(66).
221
Let n(g) = -g**3 + 26*g**2 - 131*g + 1655. What is n(27)?
-2611
Let q(b) = 13*b**2 + 5927*b - 17930. Determine q(3).
-32
Let t(l) = l**3 + 264*l**2 - 7536*l + 1129. What is t(-290)?
-31
Let x(r) = r**3 + 13*r**2 + 15624*r + 203118. What is x(-13)?
6
Let r(k) = k**3 + 2*k**2 - 36*k - 131. Give r(-5).
-26
Let l(w) = 3*w**2 - 24395*w + 24396. Give l(1).
4
Let b(v) = 9*v**2 - 734*v + 3396. What is b(5)?
-49
Let v(g) = -1475*g - 152499. What is v(-104)?
901
Let s(c) = 2*c**3 - 647*c**2 + 328*c - 1478. What is s(323)?
137
Let n(q) = q**3 - 16*q**2 - 187*q + 397. Calculate n(23).
-201
Let y(w) = -w**2 + 422*w - 34626. What is y(310)?
94
Let y(i) = 169*i + 3798. Determine y(-23).
-89
Let z(b) = 10*b + 1343. Determine z(-71).
633
Let a(d) = -160*d - 10504. What is a(-62)?
-584
Let a(m) = -2*m**2 - 30*m - 25. Calculate a(0).
-25
Let y(j) = -536*j - 10888. Calculate y(-21).
368
Let n(q) = 4*q**2 + 902*q + 11046. Give n(-13).
-4
Let b(v) = -v**3 - 457*v**2 - 7047*v + 3955. Give b(-441).
-14
Let w(r) = 49*r**3 - 147*r**2 + 10*r - 26. Give w(3).
4
Let o(m) = -19*m**2 - 93*m + 102. What is o(-6)?
-24
Let f(d) = -94*d**3 + 469*d**2 + 5705*d - 28492. Calculate f(5).
8
Let r(d) = -7859*d + 38041. Determine r(5).
-1254
Let h(u) = 4*u**3 + 97*u**2 + 385*u + 909. Give h(-20).
9
Let y(m) = -1271*m + 52120. What is y(41)?
9
Let l(p) = 494*p + 2933. What is l(-6)?
-31
Let a(k) = -954*k + 40026. Give a(42).
-42
Let d(z) = 85*z + 2548. What is d(-33)?
-257
Let z(w) = -6*w**3 + 255*w**2 + 3548*w + 193. Give z(-11).
6
Let g(k) = -k**3 + 970*k - 181. Determine g(31).
98
Let i(t) = t**2 - 192*t - 1532. Give i(-7).
-139
Let c(m) = -21721*m - 152048. Give c(-7).
-1
Let h(k) = -25*k + 722. Determine h(-12).
1022
Let y(v) = -24*v**2 - 190*v - 381. Give y(-2).
-97
Let q(p) = 5*p**2 - 854*p + 4548. Determine q(165).
-237
Let g(b) = -101956*b - 70247686. Give g(-689).
-2
Let m(y) = 4*y**2 + 10362*y - 31122. What is m(3)?
0
Let a(i) = i**3 - 151*i**2 - 2818*i + 194466. What is a(161)?
-22
Let w(n) = 6574*n - 637506. What is w(97)?
172
Let h(o) = -o**2 + 277*o - 4218. Determine h(17).
202
Let v(y) = -3942*y - 476965. Give v(-121).
17
Let p(b) = 679*b - 40457. Give p(60).
283
Let q(u) = -u**2 + 2808*u + 160415. What is q(-56)?
31
Let y(n) = -10*n**2 + 220*n - 1538. What is y(7)?
-488
Let p(f) = -16*f**2 + 1591*f + 970. Determine p(100).
70
Let l(j) = j**3 + 57*j**2 - 23632*j - 1305805. Give l(-55).
5
Let f(r) = 3*r**2 + 281*r - 100348. Give f(142).
46
Let l(t) = 8985*t - 2785373. Calculate l(310).
-23
Let o(t) = 223*t**2 - 5619*t + 78. What is o(25)?
-1022
Let h(g) = 278*g - 2038. Calculate h(11).
1020
Let f(n) = -2160*n + 107865. What is f(50)?
-135
Let b(k) = 291*k - 6842. What is b(18)?
-1604
Let p(f) = 68*f**2 + 5825*f + 9511. What is p(-84)?
19
Let p(c) = 5*c**3 + 230*c**2 + 1097*c - 1. Calculate p(-5).
-361
Let w(i) = 17*i + 1528. Give w(-5).
1443
Let y(g) = 231898*g - 927651. Calculate y(4).
-59
Let b(h) = -5939*h - 708. Calculate b(0).
-708
Let w(a) = a**3 + 1434*a - 15220. Calculate w(10).
120
Let g(v) = 17*v**2 - 1020*v - 193. Determine g(60).
-193
Let u(h) = -1891*h - 300659. Calculate u(-159).
10
Let l(r) = 12162*r - 790523. Calculate l(65).
7
Let t(o) = 462*o + 15729. What is t(-34)?
21
Let s(t) = 1658*t**2 - 44763*t - 80. Determine s(27).
1
Let y(w) = -4706*w**2 + 150626*w - 1083. Calculate y(32).
5
Let c(v) = 100*v**2 + 3214*v - 9631. Give c(3).
911
Let c(r) = 43592*r + 13339144. Calculate c(-306).
-8
Let p(r) = 264*r**2 + 2551*r + 25. Give p(-9).
-1550
Let l(n) = n**3 - 106*n**2 - 218*n + 92. Give l(108).
-124
Let z(q) = -3527*q + 200854. What is z(57)?
-185
Let u(a) = 41*a**3 - 4*a**2 + 149*a + 451. Calculate u(-3).
-1139
Let d(y) = 2112*y + 312788. Determine d(-148).
212
Let r(y) = -12411*y - 1873975. Calculate r(-151).
86
Let h(x) = 1380*x - 5578. Give h(4).
-58
Let w(n) = n**3 + 2*n**2 - 115*n - 61. Calculate w(-10).
289
Let p(a) = -2*a**3 + 75*a**2 + 1515*a - 59797. Give p(33).
-1
Let o(m) = 130*m - 64614. What is o(497)?
-4
Let k(w) = w**3 - 80*w**2 - 179886*w + 4662. Calculate k(466).
2
Let h(k) = -k**3 - 320*k**2 + 503*k + 58373. Calculate h(-321).
-49
Let l(v) = v**3 + 50*v**2 - 1780*v - 305. What is l(-74)?
-9
Let x(u) = -126892*u + 6979056. Calculate x(55).
-4
Let l(y) = -2358*y + 5822. What is l(3)?
-1252
Let x(g) = g**3 - 109*g**2 - 85*g - 4700. Give x(110).
-1950
Let i(j) = j**3 + 175*j**2 + 1491*j + 96. Calculate i(-166).
594
Let v(f) = 3*f**3 - 9*f**2 - 127*f + 49. Calculate v(-7).
-532
Let c(m) = 1170*m + 20162. Give c(-17).
272
Let i(x) = -x**2 - 76*x - 180. Calculate i(-4).
108
Let u(p) = p**2 - 1506*p + 296543. Give u(233).
-66
Let g(h) = -75*h**2 - 21*h - 42. What is g(-3)?
-654
Let h(w) = -1474*w - 19139. Give h(-13).
23
Let j(g) = 344*g - 27300. Determine j(77).
-812
Let v(z) = 96208*z + 577237. Determine v(-6).
-11
Let u(v) = -506*v - 70361. Give u(-139).
-27
Let u(f) = -20*f**2 - 3375*f + 64130. What is u(-186)?
-40
Let m(i) = i**3 - 89*i**2 + 1480*i - 407. What is m(67)?
-5
Let g(w) = -21732*w - 478100. Determine g(-22).
4
Let y(p) = 1837*p + 24000. Give y(-15).
-3555
Let v(w) = w**2 + 71903*w - 1366522. What is v(19)?
-4
Let w(m) = m**2 + 21734*m + 86923. Determine w(-4).
3
Let m(d) = -d**3 + 703*d**2 + 17458*d + 262. Calculate m(-24).
22
Let a(t) = -7*t**3 + 56*t**2 - 164*t + 1309. Give a(8).
-3
Let n(v) = -321206*v + 11563430. Determine n(36).
14
Let k(y) = 537*y + 23311. Give k(-45).
-854
Let y(h) = 42*h**3 + 6011*h**2 + 716*h + 133. What is y(-143)?
-10
Let c(o) = 94*o**2 + 189*o + 399. Calculate c(-3).
678
Let o(v) = -44*v - 5014. Give o(-116).
90
Let z(d) = -454*d**2 - 25395*d + 1604. Determine z(-56).
-20
Let o(t) = -3*t**3 + 7*t**2 - 25*t + 8. Give o(3).
-85
Let u(t) = -62007*t - 3596408. What is u(-58)?
-2
Let q(n) = 1233*n**2 - 359*n - 362. Give q(-1).
1230
Let j(h) = 1133*h**2 - 11359*h + 290. What is j(10)?
0
Let h(k) = -179*k**2 - 2387*k - 789. What is h(-13)?
-9
Let r(l) = 2478*l - 2254976. Give r(910).
4
Let l(p) = p**3 - 42*p**2 - 724*p + 249. Determine l(55).
-246
Let g(b) = 593*b + 10699. Give g(-18).
25
Let z(j) = -18735*j - 12421319. What is z(-663)?
-14
Let w(z) = z**3 + 29*z**2 + 45*z + 426. What is w(-29)?
-879
Let h(n) = -98*n - 2990. Determine h(11).
-4068
Let t(n) = 5*n**2 + 334*n + 1731. What is t(-61)?
-38
Let n(r) = -27383*r - 355986. Calculate n(-13).
-7
Let n(x) = -154275*x + 617093. Give n(4).
-7
Let r(u) = 1291*u + 10440. Calculate r(-11).
-3761
Let m(o) = -o**2 - 687*o + 38231. Determine m(52).
-197
Let x(y) = 